{"id":1629,"date":"2018-06-03T17:36:46","date_gmt":"2018-06-03T15:36:46","guid":{"rendered":"http:\/\/www.langenscherfamilienverband.de\/?page_id=1629"},"modified":"2019-04-11T09:58:59","modified_gmt":"2019-04-11T07:58:59","slug":"2018-wittenberg","status":"publish","type":"page","link":"https:\/\/www.langenscherfamilienverband.de\/?page_id=1629","title":{"rendered":"2018 Wittenberg"},"content":{"rendered":"<p>Information \u00fcber den Familientag 2018 siehe auf der Seite Familienverband unter Nachrichtenbl\u00e4tter und unter Literatur &#8211; Gehaltene Vortr\u00e4ge und Predigten bei den Familientagen.<\/p>\n<p><a href=\"http:\/\/www.langenscherfamilienverband.de\/wp-content\/uploads\/2019\/03\/Frauen_der_Reformation_klein.pdf\">Frauen der Reformation<\/a><\/p>\n","protected":false},"excerpt":{"rendered":"<p>Information \u00fcber den Familientag 2018 siehe auf der Seite Familienverband unter Nachrichtenbl\u00e4tter und unter Literatur &#8211; Gehaltene Vortr\u00e4ge und Predigten bei den Familientagen. Frauen der Reformation<\/p>\n","protected":false},"author":1,"featured_media":0,"parent":375,"menu_order":0,"comment_status":"closed","ping_status":"closed","template":"","meta":[],"_links":{"self":[{"href":"https:\/\/www.langenscherfamilienverband.de\/index.php?rest_route=\/wp\/v2\/pages\/1629"}],"collection":[{"href":"https:\/\/www.langenscherfamilienverband.de\/index.php?rest_route=\/wp\/v2\/pages"}],"about":[{"href":"https:\/\/www.langenscherfamilienverband.de\/index.php?rest_route=\/wp\/v2\/types\/page"}],"author":[{"embeddable":true,"href":"https:\/\/www.langenscherfamilienverband.de\/index.php?rest_route=\/wp\/v2\/users\/1"}],"replies":[{"embeddable":true,"href":"https:\/\/www.langenscherfamilienverband.de\/index.php?rest_route=%2Fwp%2Fv2%2Fcomments&post=1629"}],"version-history":[{"count":9,"href":"https:\/\/www.langenscherfamilienverband.de\/index.php?rest_route=\/wp\/v2\/pages\/1629\/revisions"}],"predecessor-version":[{"id":2598,"href":"https:\/\/www.langenscherfamilienverband.de\/index.php?rest_route=\/wp\/v2\/pages\/1629\/revisions\/2598"}],"up":[{"embeddable":true,"href":"https:\/\/www.langenscherfamilienverband.de\/index.php?rest_route=\/wp\/v2\/pages\/375"}],"wp:attachment":[{"href":"https:\/\/www.langenscherfamilienverband.de\/index.php?rest_route=%2Fwp%2Fv2%2Fmedia&parent=1629"}],"curies":[{"name":"wp","href":"https:\/\/api.w.org\/{rel}","templated":true}]}}