{"id":524,"date":"2013-07-30T17:22:48","date_gmt":"2013-07-30T15:22:48","guid":{"rendered":"http:\/\/www2.langenscherfamilienverband.de\/?page_id=524"},"modified":"2019-04-11T09:59:57","modified_gmt":"2019-04-11T07:59:57","slug":"2010-neudietendorf","status":"publish","type":"page","link":"https:\/\/www.langenscherfamilienverband.de\/?page_id=524","title":{"rendered":"2010 Neudietendorf"},"content":{"rendered":"<table style=\"height: 801px;\" border=\"0\" width=\"446\" cellspacing=\"2\" cellpadding=\"0\">\n<tbody>\n<tr>\n<td colspan=\"3\"><span style=\"font-family: Arial,Helvetica,Geneva,Swiss,SunSans-Regular; font-size: x-large;\"><b>Familientag 2010 in Neudietendorf<\/b><\/span><\/td>\n<\/tr>\n<tr>\n<td colspan=\"3\" height=\"30\"><\/td>\n<\/tr>\n<tr>\n<td colspan=\"3\"><span style=\"font-family: Arial,Helvetica,Geneva,Swiss,SunSans-Regular; font-size: medium;\"><span style=\"font-family: Arial,Helvetica,Geneva,Swiss,SunSans-Regular; font-size: medium;\">Im Jahr 2010 trafen wir uns in der N\u00e4he von Erfurt in Neudietendorf und waren im Zinzendorfhaus des Evangelischen Zentrums zu Gast. Information \u00fcber den Familientag siehe auf der Seite Familienverband unter Nachrichtenbl\u00e4tter und unter Literatur \u2013 Gehaltene Vortr\u00e4ge und Predigten bei den Familientagen.<br \/>\n<\/span><\/span><\/p>\n<p>Die Predigt von Michael Kanig:\u00a0<a href=\"http:\/\/www.langenscherfamilienverband.de\/wp-content\/uploads\/2019\/03\/Nachrichtenblatt-Dezember-2010-Predigt.pdf\">\u201e2. Korinther 9.15\/20 Jahre Deutsche Einheit\u201c<\/a><\/p>\n<p><span style=\"font-family: Arial,Helvetica,Geneva,Swiss,SunSans-Regular; font-size: medium;\"><span style=\"font-family: Arial,Helvetica,Geneva,Swiss,SunSans-Regular; font-size: medium;\">Alle Bilder des Wochenendes gibt es unter Galerie!<\/span><\/span><\/td>\n<\/tr>\n<tr>\n<td colspan=\"3\" align=\"left\" valign=\"top\"><img decoding=\"async\" loading=\"lazy\" class=\"alignleft\" src=\"http:\/\/www.langenscherfamilienverband.de\/wp-content\/uploads\/2014\/02\/Gruppenbild2010.jpg\" alt=\"\" width=\"417\" height=\"260\" border=\"0\" \/><\/p>\n<p><span style=\"font-family: Arial,Helvetica,Geneva,Swiss,SunSans-Regular; font-size: medium;\">\u00a0<\/span><\/td>\n<\/tr>\n<tr>\n<td colspan=\"3\" align=\"left\" valign=\"top\" height=\"10\">Gruppenbild vom 03.Oktober 2010 vor dem Eingang des Zinzendorfhauses in\u00a0Neudietendorf.<\/td>\n<\/tr>\n<tr>\n<td colspan=\"3\"><\/td>\n<\/tr>\n<\/tbody>\n<\/table>\n","protected":false},"excerpt":{"rendered":"<p>Familientag 2010 in Neudietendorf Im Jahr 2010 trafen wir uns in der N\u00e4he von Erfurt in Neudietendorf und waren im Zinzendorfhaus des Evangelischen Zentrums zu Gast. Information \u00fcber den Familientag siehe auf der Seite Familienverband unter Nachrichtenbl\u00e4tter und unter Literatur &hellip; <a href=\"https:\/\/www.langenscherfamilienverband.de\/?page_id=524\">Weiterlesen <span class=\"meta-nav\">&rarr;<\/span><\/a><\/p>\n","protected":false},"author":1,"featured_media":0,"parent":375,"menu_order":2,"comment_status":"closed","ping_status":"closed","template":"onecolumn-page.php","meta":[],"_links":{"self":[{"href":"https:\/\/www.langenscherfamilienverband.de\/index.php?rest_route=\/wp\/v2\/pages\/524"}],"collection":[{"href":"https:\/\/www.langenscherfamilienverband.de\/index.php?rest_route=\/wp\/v2\/pages"}],"about":[{"href":"https:\/\/www.langenscherfamilienverband.de\/index.php?rest_route=\/wp\/v2\/types\/page"}],"author":[{"embeddable":true,"href":"https:\/\/www.langenscherfamilienverband.de\/index.php?rest_route=\/wp\/v2\/users\/1"}],"replies":[{"embeddable":true,"href":"https:\/\/www.langenscherfamilienverband.de\/index.php?rest_route=%2Fwp%2Fv2%2Fcomments&post=524"}],"version-history":[{"count":51,"href":"https:\/\/www.langenscherfamilienverband.de\/index.php?rest_route=\/wp\/v2\/pages\/524\/revisions"}],"predecessor-version":[{"id":2623,"href":"https:\/\/www.langenscherfamilienverband.de\/index.php?rest_route=\/wp\/v2\/pages\/524\/revisions\/2623"}],"up":[{"embeddable":true,"href":"https:\/\/www.langenscherfamilienverband.de\/index.php?rest_route=\/wp\/v2\/pages\/375"}],"wp:attachment":[{"href":"https:\/\/www.langenscherfamilienverband.de\/index.php?rest_route=%2Fwp%2Fv2%2Fmedia&parent=524"}],"curies":[{"name":"wp","href":"https:\/\/api.w.org\/{rel}","templated":true}]}}